
False
Is 3 a factor of 33501?
True
Is 27 a factor of 565893?
True
Does 677 divide 2238661?
False
Is 19 a factor of 15296197?
True
Is 21173760 a multiple of 120?
True
Is 117936 a multiple of 60?
False
Does 7 divide 116614?
False
Is 163 a factor of 1121307?
False
Is 152372 a multiple of 14?
False
Is 21067 a multiple of 48?
False
Is 13 a factor of 181272?
True
Does 126 divide 814099?
False
Does 63 divide 507486?
False
Does 68 divide 59891?
False
Is 72984 a multiple of 9?
False
Is 7 a factor of 124957?
True
Is 311 a factor of 224231?
True
Is 1163345 a multiple of 482?
False
Is 24495 a multiple of 23?
True
Is 753283 a multiple of 9?
False
Is 503334 a multiple of 162?
True
Is 273972 a multiple of 211?
False
Does 446 divide 2440512?
True
Is 3 a factor of 4192?
False
Is 1616321 a multiple of 533?
False
Does 35 divide 51585?
False
Is 70 a factor of 6877710?
True
Is 447 a factor of 16078143?
True
Is 6338293 a multiple of 472?
False
Does 558 divide 1636418?
False
Is 17 a factor of 229262?
True
Is 1978 a multiple of 23?
True
Does 26 divide 571116?
True
Is 1101791 a multiple of 4?
False
Is 7423071 a multiple of 169?
False
Is 313 a factor of 172906?
False
Is 21120500 a multiple of 138?
False
Is 182390 a multiple of 23?
True
Is 208824 a multiple of 44?
True
Is 334 a factor of 46760?
True
Is 394845 a multiple of 6?
False
Is 6830 a multiple of 10?
True
Does 557 divide 10791875?
True
Is 20059435 a multiple of 14?
False
Does 94 divide 483951?
False
Does 227 divide 364108?
True
Is 207 a factor of 49955?
False
Does 320 divide 37760?
True
Is 27803 a multiple of 63?
False
Is 174 a factor of 1474824?
True
Does 215 divide 864515?
True
Is 951120 a multiple of 240?
True
Is 4082428 a multiple of 90?
False
Is 46 a factor of 153956?
False
Does 2407 divide 29039104?
False
Is 545580 a multiple of 11?
False
Does 49 divide 12935?
False
Does 19 divide 93784?
True
Is 1193610 a multiple of 33?
True
Does 4 divide 52628?
True
Is 3 a factor of 529020?
True
Is 7981120 a multiple of 56?
True
Is 175695 a multiple of 208?
False
Does 37 divide 69708?
True
Does 10 divide 1817780?
True
Is 11 a factor of 111309?
True
Is 210 a factor of 1466850?
True
Is 595339 a multiple of 48?
False
Is 15026850 a multiple of 9?
True
Is 14299686 a multiple of 102?
True
Is 140 a factor of 603041?
False
Does 6 divide 145571?
False
Does 200 divide 4932000?
True
Is 17 a factor of 125596?
True
Is 2198 a factor of 11818646?
True
Is 119 a factor of 117810?
True
Is 206461 a multiple of 164?
False
Is 70468 a multiple of 158?
True
Is 685303 a multiple of 805?
False
Does 94 divide 307850?
True
Is 1916540 a multiple of 1600?
False
Is 22154 a multiple of 418?
True
Is 1410852 a multiple of 6?
True
Is 420 a factor of 2401048?
False
Is 319 a factor of 3407024?
False
Does 189 divide 1180341?
False
Is 82355 even?
False
Is 73 a factor of 168119?
True
Does 23 divide 5866449?
True
Is 272 a factor of 893507?
False
Is 34 a factor of 391952?
True
Does 473 divide 569324?
False
Is 959744 a multiple of 128?
True
Does 478 divide 1042518?
True
Does 190 divide 144210?
True
Does 63 divide 108653?
False
Is 251 a factor of 1739?
False
Is 458304 a multiple of 14?
True
Does 8 divide 970136?
True
Is 56 a factor of 616669?
False
Does 150 divide 159000?
True
Does 38 divide 10906?
True
Is 18529 even?
False
Does 19 divide 2135261?
False
Is 36 a factor of 65448?
True
Does 60 divide 93365?
False
Is 629238 a multiple of 4?
False
Is 229901 a multiple of 10?
False
Is 7 a factor of 1696926?
True
Is 86 a factor of 4162228?
True
Does 258 divide 109319?
False
Is 51744 a multiple of 29?
False
Does 7 divide 166804?
False
Is 10 a factor of 31440?
True
Is 66 a factor of 1467652?
False
Is 191114 a multiple of 146?
True
Does 64 divide 52259?
False
Does 47 divide 9693979?
False
Does 135 divide 28350?
True
Is 845060 a multiple of 290?
True
Does 12 divide 53076?
True
Is 31 a factor of 236034?
True
Does 271 divide 14137975?
False
Does 100 divide 269700?
True
Is 97 a factor of 52666?
False
Is 22346850 a multiple of 570?
True
Is 32 a factor of 227936?
True
Does 193 divide 214155?
False
Is 51535 a multiple of 6?
False
Is 158450 a multiple of 371?
False
Is 30912 a multiple of 32?
True
Does 21 divide 292135?
False
Is 11563000 a multiple of 20?
True
Is 345 a factor of 382260?
True
Does 92 divide 42320?
True
Does 11 divide 27258?
True
Does 63 divide 218170?
False
Is 1014 a multiple of 45?
False
Does 8 divide 3993971?
False
Is 1322386 a multiple of 281?
True
Is 2788390 a multiple of 372?
False
Is 505252 a multiple of 59?
False
Does 2 divide 334385?
False
Does 212 divide 251651?
False
Does 177 divide 2949174?
True
Does 173 divide 209849?
True
Is 26 a factor of 159820?
False
Does 5 divide 1272957?
False
Is 44 a factor of 87868?
True
Is 1331900 a multiple of 190?
True
Is 3 a factor of 684665?
False
Is 258966 a multiple of 6?
True
Is 1496 a factor of 14599728?
False
Is 5 a factor of 1464893?
False
Is 10 a factor of 539830?
True
Does 38 divide 604922?
True
Is 13 a factor of 32299668?
False
Does 231 divide 99330?
True
Is 125241 a multiple of 109?
True
Is 30219774 a multiple of 30?
False
Does 166 divide 2745699?
False
Is 8 a factor of 402702?
False
Does 13 divide 1175486?
True
Is 6 a factor of 219106?
False
Is 64 a factor of 1221120?
True
Is 15 a factor of 63750?
True
Does 15 divide 1364708?
False
Does 32 divide 944310?
False
Is 2 a factor of 1330?
True
Does 23 divide 233588?
True
Is 122191 a multiple of 5?
False
Is 105524 a multiple of 31?
True
Is 4338168 a multiple of 116?
True
Is 6 a factor of 91578?
True
Is 156030 a multiple of 105?
True
Does 39 divide 24827?
False
Is 177140 a multiple of 34?
True
Does 23 divide 1015148?
False
Is 239 a factor of 652385?
False
Does 14 divide 36192?
False
Is 186428 a multiple of 22?
True
Is 3908641 a multiple of 178?
False
Is 283027 a multiple of 7?
False
Does 569 divide 2090506?
True
Is 8036196 a multiple of 21?
True
Does 24 divide 174072?
True
Is 7707104 a multiple of 26?
False
Is 208 a factor of 392704?
True
Is 720 a factor of 5367600?
True
Is 536 a factor of 7316400?
True
Does 34 divide 601120?
True
Is 180788 a multiple of 31?
False
Does 58 divide 354500?
False
Is 17 a factor of 160178?
False
Is 3850470 a multiple of 65?
True
Is 17915 a multiple of 3?
False
Does 145 divide 16617580?
True
Is 12 a factor of 5970468?
True
Is 163155 a multiple of 15?
True
Is 168940 a multiple of 20?
True
Is 18 a factor of 28621249?
False
Is 865619 a multiple of 7?
False
Does 787 divide 2353261?
False
Does 22 divide 239580?
True
Is 6013062 a multiple of 15?
False
Is 1186839 a multiple of 27?
True
Is 3 a factor of 4495073?
False
Is 100078 a multiple of 97?
False
Does 965 divide 16803545?
True
Does 66 divide 3227991?
False
Is 34522 a multiple of 15?
False
Is 4209706 a multiple of 797?
False
Is 314622 a multiple of 114?
False
Does 8 divide 7216?
True
Is 50484 a multiple of 7?
True
Is 610070 a multiple of 5?
True
Is 12 a factor of 327029?
False
Is 9 a factor of 19493?
False
Does 57 divide 87438?
True
Does 5 divide 115050?
True
Does 387 divide 976081?
False
Does 148 divide 151700?
True
Is 13 a factor of 149309?
False
Is 313 a factor of 162749?
False
Does 21 divide 292845?
True
Does 148 divide 62604?
True
Is 1623642 a multiple of 587?
True
Does 16 divide 5740?
False
Does 106 divide 1657310?
True
Is 40681 a multiple of 17?
True
Is 77 a factor of 705782?
True
Is 496 a factor of 8797405?
False
Does 1131 divide 2300866?
False
Is 445890 a multiple of 890?
True
Is 97 a factor of 1037995?
False
Does 7 divide 1408?
False
Is 13484620 a multiple of 1499?
False
Is 10 a factor of 306290?
True
Does 13 divide 401319?
False
Is 223 a factor of 1588809?
False
Is 192541 a multiple of 205?
False
Is 56200 a multiple of 40?
True
Does 808 divide 4516095?
False
Does 154 divide 541156?
True
Is 99 a factor of 61776?
True
Does 285 divide 4237553?
False
Is 31900 a multiple of 100?
True
Does 8 divide 90576?
True
Is 493 a factor of 2148494?
True
Does 2 divide 511112?
True
Is 249303 a multiple of 21?
False
Is 2 a factor of 1759?
False
Does 248 divide 1671024?
True
Is 80 a factor of 2385840?
True
Does 16 divide 62308?
False
Does 42 divide 170520?
True
Does 20 divide 336700?
True
Is 952997 a multiple of 48?
False
Is 838 a factor of 63152?
False
Does 35 divide 13475?
True
Does 117 divide 4542185